ommon factor of 90 and b?
18
Suppose 5*x - 152 + 942 = 5*s, 4*s = -3*x + 646. Suppose -5*a = 5*a - s. What is the greatest common divisor of 16 and a?
16
Suppose 28*m - 25*m = -2*z + 63, 105 = 5*m - z. Suppose 3*s + 2*x = 689, -x - 107 - 819 = -4*s. Calculate the greatest common divisor of s and m.
21
Let t = -1396 - -2179. Calculate the highest common factor of t and 29.
29
Suppose -40 = 5*z - k + 2*k, -5*k - 18 = -z. Let c(r) = r**2 + 6*r - 5. Let p be c(z). Calculate the greatest common divisor of p and 4.
2
Suppose -5*w + 0*v - 3 = -2*v, 0 = -3*w - 4*v - 7. Let y be (20/8)/(w/(-6)). Calculate the highest common divisor of y and 15.
15
Let y(v) = 5*v + 9. Let u be (-1 - -2*1)/(5 - 6). Let a be y(u). What is the greatest common divisor of a and 16?
4
Let t(a) = a**3 - 4*a**2 + 42*a - 140. Let m be t(4). What is the greatest common factor of m and 182?
14
Suppose 824 = 10*i - 276. What is the highest common factor of i and 22?
22
Suppose -2*o + 3*m + 2269 = 0, -6*o = -o + 3*m - 5662. Calculate the greatest common factor of 33 and o.
11
Let d be 8 - 2 - (1 + 1). Let l be 13/5 + d/10. Let p = 373 - 358. Calculate the highest common factor of l and p.
3
Suppose w + 5*h = 505, 0 = -4*w - 2*h + 1014 + 1096. Calculate the highest common factor of 10 and w.
10
Let u be 1072/28 + ((-2)/(-7))/(-1). Calculate the highest common divisor of u and 304.
38
Suppose -5*t = -298 + 58. Let s = 188 - t. What is the highest common factor of s and 20?
20
Let d be -4 + 6 + 211 + 3/(-1). Calculate the highest common factor of d and 42.
42
Let d = -27 + 44. Let x be (-119)/14*(0 + -2). Calculate the greatest common divisor of d and x.
17
Suppose -2*m + h + 50 = -4*h, m + h - 11 = 0. Let o(z) = z**3 - 13*z**2 - 11*z + 3. Let g be o(14). Calculate the highest common factor of g and m.
15
Suppose -5*m + 35 = -30. Suppose -4*d - 523 = -2255. Let i = -290 + d. What is the highest common divisor of i and m?
13
Let k(b) be the third derivative of -b**5/60 - 3*b**4/8 - b**3/2 - 11*b**2. Let x be k(-6). Calculate the greatest common factor of 75 and x.
15
Let q be 0 - (516/3)/2. Let w = q + 105. Calculate the highest common factor of 57 and w.
19
Suppose 2*j - 312 = 2*v, 5*v + 1092 = 7*j + 4*v. Calculate the highest common divisor of 117 and j.
39
Let n be (6/4)/((-1)/(-2)). Suppose -3*d + 66 = y - n*y, 0 = -4*y. Suppose -d = -2*p - 0*p. Calculate the greatest common divisor of 1 and p.
1
Suppose 0 = 4*t + 211 - 739. Suppose -2*u = t - 150. What is the greatest common divisor of 63 and u?
9
Let i be (-1)/(-5) + 447/15. What is the highest common factor of 1290 and i?
30
Let b(v) = -1 - 4 + 2*v + 4*v**2 + 2 - v**3. Let k be b(4). Let h be 5/(-50) - (-251)/10. What is the highest common divisor of k and h?
5
Suppose 0 = -152*z + 156*z - 68. Calculate the highest common factor of z and 68.
17
Suppose 4*r - 3 - 1 = 0. Suppose -v = -r + 2. Let j be 2*262/4 - v. What is the greatest common divisor of j and 12?
12
Let s = 623 - 101. Calculate the highest common divisor of 58 and s.
58
Let d(u) = 8*u**2 - u - 6. Let x be d(12). Suppose -x - 216 = -5*q. What is the greatest common divisor of 27 and q?
27
Suppose -12 = -15*o + 11*o. Suppose -o*c + 48 = -0*c - 3*i, -4*c + 39 = i. What is the highest common factor of 33 and c?
11
Let x(z) be the first derivative of 1/4*z**4 - 4 + z**2 - 5*z + 2*z**3. Let r be x(-5). Calculate the greatest common divisor of r and 4.
2
Suppose -4*m - 76 + 236 = 0. Let o = -15 - -37. Let k = o + -2. What is the greatest common divisor of k and m?
20
Let z be ((-4)/(-6))/((-5)/15). Let n be 0*z/(-8) - 153/(-3). What is the highest common divisor of n and 51?
51
Suppose 0 = -3*t + 32 + 61. Let p = -17 + t. Let k(v) = 2*v**2 + v + 7. Let w be k(7). Calculate the highest common factor of p and w.
14
Suppose 0 = 5*g - 12*g - 28. Let t(d) = -25*d - 10. Let p be t(g). What is the highest common factor of 10 and p?
10
Let j(p) = 0*p**2 + 2*p + 3*p**2 - 4 + 3*p - 4*p**2. Let b be j(4). Let w be (b + 1)/1*1. What is the greatest common divisor of w and 4?
1
Suppose 0 = 45*o - 9*o - 1080. What is the highest common factor of 48 and o?
6
Suppose 2*a = -5*a + 77. Suppose 64 = a*r - 9*r. Calculate the highest common factor of r and 8.
8
Let u be 3/(-8) + 14/(336/585). What is the greatest common factor of 126 and u?
6
Let u(k) = -7 + 8*k - 10*k**2 + 4*k - 4 + k**3. Let f be (-4)/((-16)/36) + (2 - 2). Let y be u(f). What is the greatest common factor of 4 and y?
4
Suppose -5*w = -0*w - 110. Suppose -2*g + 78 = -4*j, -4*g + 6*g - 5*j = 81. What is the highest common divisor of g and w?
11
Let f = 274 - 223. Suppose 0*a + 8 = l + 2*a, 5*l - 4*a + 30 = 0. Let v be (-4)/l + 13 + 2. Calculate the highest common factor of f and v.
17
Let q(a) = -a**3 - 11*a**2 + 2*a + 25. Let j be q(-11). Suppose 3*n = n + 4*y + 8, 10 = j*n - 4*y. What is the greatest common divisor of n and 3?
1
Let u(n) = -n**3 + 11*n**2 - 9*n. Let y be u(10). Let t be (-4)/10*(-175)/14. Calculate the greatest common factor of t and y.
5
Suppose -2*q + 2*t = 4*t - 222, 4*t = 2*q - 192. Suppose 0 = 5*p - 19 - q. Suppose 0 = 5*k + 2*k - 35. Calculate the highest common divisor of p and k.
5
Let y = -2 - -7. Suppose 2*x - x + 21 = q, 101 = y*q - x. Let p = 160 + -110. What is the highest common factor of q and p?
10
Suppose 8*q - 11 = 13. Suppose 4*x - 323 + 115 = q*o, -5*x = -5*o - 265. What is the highest common divisor of 49 and x?
49
Let d = 9 - -17. Suppose -21*b - 30 = -d*b. Let l be (-1)/b + 182/12. Calculate the greatest common divisor of l and 30.
15
Let h be 3 - ((-20)/(2 + 2) - 316). Calculate the highest common factor of 72 and h.
36
Let v be 3 - 0 - (1 - -2). Suppose v = -6*i + 11*i - 30. Suppose -w = -2*a + 128, 5*a - i*w - 310 = -w. What is the greatest common factor of a and 33?
33
Let d(t) = t**2 + 4*t + 1. Let f be d(5). Suppose -2*j + f = x, 3*j + 4*x - 115 + 36 = 0. What is the greatest common factor of 168 and j?
21
Suppose 5*p + 2*i + 2*i = 31482, 4*p - 25184 = -4*i. Calculate the greatest common divisor of p and 47.
47
Suppose m = 2*m - 16. Let p be (6/(-4) + 28/(-48)*-14)*3. Calculate the greatest common divisor of m and p.
4
Suppose -2*p + 4*p - 1072 = 0. Let i be p/10 - (-12)/30. Let c = i + -30. What is the highest common factor of c and 60?
12
Let b(p) = -7*p**2 + 266*p + 20. Let z be b(37). Let s(w) = w**2 + 5*w - 5. Let y be s(4). What is the greatest common factor of z and y?
31
Let a be (-17)/34 + 163*(-5)/(-2). What is the greatest common divisor of a and 111?
37
Suppose 1 = 3*d + 3*t - 2, t = -3*d + 1. Suppose d*w = w - 3*f - 17, -2*w - 2*f = -2. What is the greatest common divisor of w and 2?
1
Suppose 4*b + 298 = -4*m + 834, 3*m - 410 = b. Calculate the highest common divisor of m and 17.
17
Suppose k - 4*t - 23 = 0, -5*k - 2*t + 10 = -t. Suppose k*i + i = 128. Suppose -o - i = -3*o. What is the highest common factor of 4 and o?
4
Suppose -5*b - 373 - 120 = -d, 0 = 4*d + 4*b - 1972. What is the greatest common divisor of d and 29?
29
Let r = 18 - 14. Suppose -t - t + 70 = 2*p, r*t - 4*p = 132. Let c = -16 + t. Calculate the highest common divisor of 18 and c.
18
Suppose -3*t + 63 = 5*g - 2*g, 5*t + 27 = g. Suppose -9*r = -g - 32. What is the greatest common divisor of 6 and r?
6
Let n(v) = -3*v**3 - 102*v**2 + 100*v - 25. Let h be n(-35). Let o(j) = j**2 + 3*j - 3. Let r be o(-6). What is the greatest common factor of h and r?
15
Let m be 1*(2 - 1) - -39. Suppose -10*c - 45 = -13*c. Suppose -6*z + c = -3*z. Calculate the greatest common factor of z and m.
5
Suppose 19*d = 50*d - 15314. What is the highest common factor of d and 38?
38
Suppose -440 = -22*v + 24*v. Let g be ((-1)/(-2))/((-1)/v). What is the highest common divisor of 22 and g?
22
Let k(v) = v**2 - 7*v - 2. Let f be k(6). Let j be (-172)/f + 4/8. What is the greatest common factor of j and 11?
11
Suppose 2*f - y = 14, 0*f - 8 = -2*f - 2*y. Suppose -q + k = 1 - 25, -f = 2*k. Let g = 54 + -33. Calculate the greatest common factor of g and q.
21
Suppose 0 = o - 0*o + 5*c - 110, 2*o = -4*c + 232. Suppose -2*v + v = 14. Let b be 4/(-14) - 284/v. What is the highest common divisor of b and o?
20
Let g be (-12)/(-3) - (7 - 45). Calculate the greatest common factor of g and 168.
42
Suppose -2*p + 835 = -5*j, p - 502